39 and 413?
59
Calculate the highest common factor of 4140 and 3529820.
20
What is the greatest common factor of 3890894 and 1519?
49
What is the highest common divisor of 1105 and 1597075?
5
Calculate the highest common factor of 1090089 and 71071.
1001
What is the highest common divisor of 13924 and 3770100?
236
What is the greatest common divisor of 55347 and 11381091?
2913
What is the greatest common divisor of 501 and 71581711?
167
Calculate the highest common divisor of 11438664 and 30.
6
Calculate the greatest common divisor of 9095343 and 11028.
2757
What is the greatest common factor of 280943858 and 1898?
1898
What is the greatest common divisor of 24651 and 9504?
297
Calculate the highest common divisor of 95034 and 2452686.
2022
Calculate the highest common divisor of 432660831 and 5394.
2697
Calculate the highest common divisor of 318835 and 799.
17
What is the greatest common divisor of 999909718 and 778?
778
Calculate the highest common divisor of 504940431 and 2697.
2697
Calculate the greatest common divisor of 463661 and 818144.
691
What is the greatest common divisor of 5936827 and 2?
1
Calculate the highest common factor of 9030588 and 420.
84
What is the greatest common factor of 104 and 165410600?
8
Calculate the greatest common divisor of 60826 and 70074.
34
What is the greatest common divisor of 91575 and 10215?
45
What is the highest common factor of 62422 and 1089740?
1058
What is the highest common divisor of 585 and 41904486?
117
Calculate the highest common factor of 7963340 and 15.
5
What is the greatest common divisor of 79140 and 197580?
60
Calculate the highest common divisor of 26845 and 159869645.
3835
Calculate the highest common factor of 72930 and 11381370.
4290
Calculate the greatest common factor of 5 and 29324455.
5
Calculate the highest common divisor of 6484371 and 438.
219
What is the greatest common divisor of 110670 and 41874315?
1785
What is the highest common divisor of 2415 and 4776030?
105
Calculate the greatest common factor of 1370 and 161038979.
137
What is the highest common divisor of 4216891 and 123697?
287
Calculate the greatest common divisor of 3117 and 79463759.
1039
What is the greatest common divisor of 7470 and 20838810?
2490
What is the greatest common divisor of 25 and 57750700?
25
Calculate the highest common divisor of 1335 and 487023130.
445
Calculate the highest common divisor of 1869219 and 19197.
711
What is the greatest common divisor of 62907 and 1183?
13
Calculate the greatest common divisor of 7721139 and 3999.
93
What is the greatest common factor of 9131467 and 89693?
257
What is the highest common factor of 205597 and 1127?
161
Calculate the highest common factor of 324 and 201756.
12
Calculate the greatest common factor of 548086 and 616.
154
What is the highest common factor of 63 and 11192004?
9
Calculate the greatest common factor of 84836370 and 30.
30
What is the greatest common factor of 690943 and 27324?
253
What is the highest common divisor of 15169840 and 1064?
56
Calculate the greatest common factor of 1064 and 1804292.
28
What is the greatest common divisor of 24 and 127405936?
8
What is the greatest common divisor of 140822 and 50703532?
3806
What is the highest common divisor of 75 and 2881625?
25
What is the greatest common factor of 276974 and 4089749?
1753
Calculate the highest common factor of 19190 and 5158070.
1010
Calculate the greatest common divisor of 1173 and 665367.
69
What is the greatest common divisor of 2991814 and 1015?
203
What is the greatest common factor of 316880 and 181050?
170
What is the highest common divisor of 141070 and 3770?
10
Calculate the greatest common factor of 46122 and 48402.
6
What is the greatest common divisor of 29199401 and 1221?
407
Calculate the greatest common divisor of 15995 and 63400.
5
Calculate the greatest common divisor of 8768691 and 954.
477
Calculate the greatest common factor of 5 and 18352745.
5
What is the highest common factor of 9403548 and 1428?
84
Calculate the greatest common factor of 55 and 58305830.
55
What is the greatest common divisor of 1 and 5534159?
1
Calculate the greatest common divisor of 6325 and 5629756.
253
What is the greatest common factor of 17131455 and 3498?
1749
What is the greatest common divisor of 21074 and 25?
1
Calculate the highest common divisor of 2566813930 and 190.
190
Calculate the greatest common divisor of 28221 and 1187736.
1227
Calculate the greatest common divisor of 9169716 and 582.
6
Calculate the highest common divisor of 34386 and 537438.
66
Calculate the highest common divisor of 14 and 88155466.
14
Calculate the highest common divisor of 250317 and 531513.
657
Calculate the highest common factor of 317093258 and 236.
118
Calculate the highest common divisor of 6751458 and 1378.
106
Calculate the highest common divisor of 209250 and 10702125.
3375
What is the greatest common factor of 3806260 and 100?
20
Calculate the greatest common factor of 329150 and 2175.
725
What is the greatest common factor of 240 and 773985?
15
What is the highest common divisor of 14 and 45073238?
14
What is the highest common divisor of 12 and 126456348?
12
Calculate the highest common divisor of 4316500 and 14356.
388
Calculate the highest common factor of 122962580 and 7320.
1220
What is the greatest common factor of 103105 and 155470210?
6065
What is the greatest common factor of 2485392 and 1238328?
2184
Calculate the highest common divisor of 958427 and 5752.
719
What is the highest common divisor of 138 and 120420686?
46
What is the highest common divisor of 31667008 and 117952?
6208
What is the highest common divisor of 134887928 and 1904?
952
Calculate the highest common divisor of 4368 and 914823.
273
What is the highest common divisor of 91300 and 57660100?
8300
What is the highest common divisor of 51513 and 151194?
669
Calculate the greatest common divisor of 45694562 and 2563.
233
Calculate the greatest common factor of 978661 and 506371.
173
What is the highest common divisor of 11125686 and 936?
78
Calculate the highest common factor of 22 and 189465485.
11
Calculate the highest common divisor of 892 and 18122987.
223
What is the greatest common divisor of 2 and 156723506?
2
What is the greatest common factor of 741 and 191501?
19
Calculate the greatest common factor of 3568 and 7399984.
16
Calculate the greatest common divisor of 1312 and 1280717.
41
Calculate the greatest common divisor of 241413 and 1935.
3
What is the highest common divisor of 10115 and 1820700?
10115
Calculate the highest common divisor of 2003177 and 55.
11
Calculate the greatest common divisor of 824 and 29599728.
824
What is the greatest common divisor of 1617708 and 10848?
1356
What is the highest common divisor of 546 and 15451566?
78
What is the greatest common divisor of 430 and 19689830?
10
Calculate the greatest common divisor of 117 and 84476886.
39
Calculate the highest common divisor of 48024 and 8506872.
1656
Calculate the greatest common factor of 7894876 and 748.
44
What is the greatest common factor of 16806 and 142860?
6
Calculate the greatest common divisor of 9676 and 3409492.
236
What is the highest common divisor of 116 and 70135340?
116
Calculate the greatest common factor of 1971152 and 1873432.
2792
What is the highest common factor of 34210850 and 800?
50
Calculate the greatest common factor of 10220 and 120070.
10
What is the greatest common divisor of 2392 and 21269144?
104
What is the highest common divisor of 516012 and 1988?
28
What is the highest common divisor of 1565138 and 8540?
122
What is the highest common factor of 3691991 and 2115?
47
What is the highest common divisor of 934260 and 29210?
230
Calculate the greatest common divisor of 2394540 and 8032.
1004
Calculate the greatest common factor of 53318 and 6845830.
1006
Calculate the highest common factor of 6244551 and 466335.
2169
Calculate the greatest common divisor of 73664494 and 1364.
62
What is the highest common factor of 235827571 and 651?
217
What is the highest common factor of 7144 and 12118292?
188
What is the greatest common divisor of 639 and 43523?
71
Calculate the highest common divisor of 43746 and 4899.
69
What is the greatest common factor of 31101903 and 12915?
2583
What 